906. Suppose -5*d = -2*t - h, 5*d - 2*t = d + 1654. Let q = d - 289. What is the tens digit of q?
2
Suppose 7*u + 134 - 162 = 0. Suppose -5*k + 5590 = u*a, -a = -k - 0*a + 1109. What is the tens digit of k?
1
Let k(b) be the second derivative of b**4/6 - 10*b**2 + 4*b. Let p be k(7). Suppose 0 = -2*s - 4*h + p, -5*s + 4*s - 5*h = -54. What is the tens digit of s?
2
Suppose 4*m + 11*u = 10*u + 52815, 4*u = -5*m + 66038. What is the thousands digit of m?
3
Suppose -129*v + 3114 = -126*v + 3*k, 4*v = -5*k + 4157. What is the tens digit of v?
3
Let x(r) = 57*r - 5. Let f be x(-13). Let p = 93 - f. What is the hundreds digit of p?
8
What is the hundreds digit of (40/15 - 3) + 1 + (-230913)/(-27)?
5
Let x = 3025 + 42937. What is the thousands digit of x?
5
Let k = -264 + 416. Suppose 4*f = -2*j + 170 + k, 478 = 3*j + 5*f. What is the hundreds digit of j?
1
Let z be (6/(-3))/(-1) - ((-360)/(-15))/(-8). Suppose 2*g = -10, o = -6*g + 3*g + 1182. Suppose z*h + 4*h - o = 0. What is the units digit of h?
3
Let b(x) be the first derivative of -x**3/3 - 18*x**2 - 68*x + 40. What is the units digit of b(-21)?
7
Let b(g) = 5*g**3 + 3*g**2 - 8*g - 11. Let l be b(-3). Let h(c) = -c**3 - 7*c**2 - 12. Let i be h(-9). Let u = l + i. What is the units digit of u?
5
Suppose -m + 5 + 9 = 0. Suppose 4*f - 8 - 8 = -4*x, -3*f - 4*x + m = 0. Suppose 0*h - 256 = -h - 5*c, 0 = -2*c + f. What is the units digit of h?
1
Suppose -8*t = -4*o + 137384, 15*o - 11*o - 137345 = -5*t. What is the units digit of o?
0
Let d = -702 + 2107. What is the units digit of d?
5
What is the units digit of (15 - 8 - (-1 + 7))*(-3 + 4045)?
2
Let j(v) = -v**2 + 20*v - 17. Let w be j(10). Suppose -395 + w = 4*l. Let d = 141 + l. What is the tens digit of d?
6
Let a(c) = -c**2 + 15*c - 22. Let z be a(16). Let x = z + 65. What is the tens digit of ((-124)/(-6))/(6/x)?
9
Suppose -3*p + 0*l = -2*l - 36, 4*p - 5*l = 55. Suppose 0 = 5*q + 8*n - 9*n - 2, -4*q + n + 2 = 0. Suppose q = p*x - 12*x + 256. What is the units digit of x?
8
Let t = -5583 + 5583. Suppose 0 = l - 2*l + 5*n + 80, -4*l - 2*n + 232 = 0. Suppose 4*b + t*b = l. What is the tens digit of b?
1
Let b = 558 - -362. Suppose 0*x + 4*x = 5*u + b, -u = -x + 184. Let f = -101 - u. What is the tens digit of f?
8
Suppose 0 = 200*f - 204*f - u + 21842, 0 = -5*f + 3*u + 27311. What is the units digit of f?
1
Let f(w) = 3*w**2 + w + 821. What is the hundreds digit of f(-25)?
6
Suppose -2*p + 0 = 2, 4*z + 227 = p. Let x = z + 550. Let i = x + -318. What is the tens digit of i?
7
Let h = 24 - 20. Suppose 106 = h*q - 5*p, 2*q + 2*p = 3*p + 56. Suppose 5*b = -q + 399. What is the tens digit of b?
7
Let y(m) = 2 + 12*m - 5*m + m**2 + 5 + 3. Let w be y(-6). Suppose v - 4*p = 49, -w*p - 149 = -2*v - 47. What is the tens digit of v?
5
Suppose 31*m + 744897 - 953974 = 1682388. What is the ten thousands digit of m?
6
Suppose 8*d + 0*d = -10*d. Suppose -2*b = 4*h + 3*b - 2768, d = -b. What is the units digit of h?
2
Let z = -258 + 250. What is the tens digit of z - (-5)/(-2)*-38?
8
What is the ten thousands digit of (-10)/(-2) - -2*(5716250/20)/17?
3
Suppose c - 15*p = -12*p + 9240, c - 9246 = -3*p. What is the thousands digit of c?
9
Let r = 27 - 34. Let x be -1 + 1642/14 + 2/r. Suppose 0 = 2*o - x - 16. What is the units digit of o?
6
Let d(k) = 4*k + 12 - 641*k**3 + 11*k**2 + 640*k**3 + 5*k. What is the tens digit of d(11)?
1
Let t be 81/(12/(-20) + (-2)/(-4)). Let m = -426 - t. What is the hundreds digit of m?
3
Suppose -d - 42 = -1066. What is the tens digit of d?
2
Let g be (8/(-16))/((-30)/28 - -1). Suppose -g*i = 12 + 37. Let x(u) = 7*u**2 + 9*u - 9. What is the units digit of x(i)?
1
Let i(l) = -l**3 - 21*l**2 - 21*l - 17. Let p be i(-20). Suppose j = -0 + p. What is the units digit of j + (0 + 213)/3?
4
Let y = -41 + 50. Let k be 33/y + (-2)/(-6). What is the units digit of ((-6)/k)/(((-4)/2)/36)?
7
Suppose 39*r + 79*r = 52*r + 1037652. What is the hundreds digit of r?
7
Let o(r) = -12*r**3 + 8*r**2 + 36*r + 48. What is the thousands digit of o(-8)?
6
Let q be 313 - ((-7 - -3) + -4). Suppose h + q = i - 0*i, 5*i - 1655 = -5*h. What is the units digit of i?
6
Suppose c + 382 = 3*o, 4*o - 937 = 4*c + 591. Let r = c - -915. What is the hundreds digit of r?
5
Let c = 54264 - 21588. What is the tens digit of c?
7
Suppose -8*q - q = -864. Let g = 97 - q. What is the tens digit of ((-1)/((-2)/g))/(4/1336)?
6
Let a = 46 + -29. What is the units digit of (-1 + (-866)/(-6))*(-14 + a)?
0
Let d = -23 + 27. Suppose -3 = u, 0*m - 332 = -d*m - 4*u. Let p = 161 - m. What is the units digit of p?
5
Let k(t) = t + 5. Let m be k(0). Suppose -212 = -2*u - u - x, -360 = -5*u + m*x. Let f = u + -48. What is the units digit of f?
3
Let v = 13 + -13. Suppose -4*i - 20 = v, 159 = 3*m + 3*i - 486. Let w = -154 + m. What is the units digit of w?
6
Suppose q - 232312 = -3*m, 16*m + 5*q + 387160 = 21*m. What is the thousands digit of m?
7
Suppose 512451 - 61502 + 100283 = 54*l. What is the ten thousands digit of l?
1
Let i(l) = 166*l + 25. Let z be (-3)/9*(-20 + (7 - 2)). What is the tens digit of i(z)?
5
What is the ten thousands digit of ((160/25)/4)/(22/580195)?
4
Let i(v) = -2*v + 23. Let f be 22*-3*(-2)/12. Let d be i(f). What is the tens digit of (-7)/(d/((-12)/40) + 3)?
2
Let w(t) = -12*t**2 - 36*t + 4*t**2 - 2*t + 68. Let l(v) = -3*v**2 - 13*v + 23. Let q(u) = -11*l(u) + 4*w(u). What is the hundreds digit of q(15)?
1
Suppose -4*d - 2*g + 5 = -d, -3*g = 4*d - 5. Suppose 5*c - 3*h - 1233 - 259 = 0, 0 = -c - d*h + 304. What is the units digit of c?
9
Suppose 9*h - 6*h = -9. Let q be (1*(-9 - -2))/(h/6). Suppose -q*i + 8*i = -138. What is the units digit of i?
3
Let w(j) = -j**2 + 4*j - 71. Let q = 42 - 42. Let v be w(q). Let m = 159 + v. What is the units digit of m?
8
Let l(u) be the first derivative of 5/2*u**2 - 1/4*u**4 - 10*u - 11/3*u**3 + 7. What is the tens digit of l(-12)?
7
Suppose -4*z = 5*j - 1115, -4*j - j = -z - 1140. Suppose -2*g = -g - 3*w - j, -5*g + w = -1163. What is the tens digit of g?
3
What is the units digit of (((-2212)/6 - 8) + 8)/((-2)/108)?
8
Suppose 101*l - 279345 = 101829. What is the hundreds digit of l?
7
Suppose 203*j - 660139 = 1261053. What is the units digit of j?
4
Suppose i - 4*t = 14003, -13227 - 801 = -i - t. What is the ten thousands digit of i?
1
Suppose 0 = 2*j - 2026 - 1250. Suppose 7*r - 1995 - j = 0. What is the tens digit of r?
1
Let c(t) = -7*t**2 + 14 + 6*t**2 + 18*t - 11. Let q be c(18). Suppose 0 = -q*k + 4*h - 5*h + 838, 4*h = 4*k - 1128. What is the units digit of k?
0
Let m(h) be the first derivative of h**4/4 - 7*h**3 - 7*h**2/2 + 42*h + 32. What is the units digit of m(22)?
2
Let v(h) = 61*h - 4 + 3 - 1 - 5. Let u(p) = p**3 - 3*p**2 + 12*p - 17. Let m be u(2). What is the hundreds digit of v(m)?
1
Let i(y) = 11*y**3 - 5*y**2 + 6*y - 9. Let l(v) = 12*v**2 - v + 1. Let g be l(-3). Suppose 5*a - g + 97 = 0. What is the tens digit of i(a)?
6
Suppose 5*t - 4*u = 1490, -3*u + 2123 = 5*t + 633. Suppose 0*c - 5*c - 3*m = -1542, -2*m = -c + t. What is the units digit of c?
6
Suppose -s + 12622 = 3*g, 5*s - 24527 = -g + 38527. What is the hundreds digit of s?
6
Let i = -498 + 3525. What is the tens digit of i?
2
Let b = 2994 + -2993. Let n(j) be the third derivative of 11*j**4/2 - 3*j**3/2 - 3*j**2. What is the hundreds digit of n(b)?
1
Let r = 4098 + 12696. What is the tens digit of r?
9
Let q(l) = -12*l**2 - 24*l + 42575. What is the units digit of q(0)?
5
Let n = 47215 - 18562. What is the ten thousands digit of n?
2
Let o = -305 - -1686. Suppose -4*q + 2327 = -o. What is the tens digit of q?
2
Let f = -654 - -656. What is the units digit of f/(-2)*(-422 + -25)?
7
Let n = 20060 - 19621. What is the tens digit of n?
3
Let n be 32/3*-3*(3 + -4). Suppose -6*d = 4 + n. Let p(q) = -30*q - 29. What is the units digit of p(d)?
1
Let t be (5/(-2))/((-10)/20). Suppose 3*q - 3*j - 51 = 0, -q - 4*j - 3 = t. Let y(c) = 10*c + 37. What is the tens digit of y(q)?
5
Let x(j) = 317*j**3 - 3*j**2 + 5*j + 11. Let u be x(-2). Let m = -1314 - u. What is the thousands digit of m?
1
Let h(k) = 3*k**3 + 478*k**2 - 45*k - 966. What is the ten thousands digit of h(-159)?
3
Let j(f) = -105*f - 5. Let w be j(-1). Let k(a) = 2 + w*a**2 - 1 - 3*a - 